{"id":67,"date":"2025-12-08T04:51:30","date_gmt":"2025-12-08T04:51:30","guid":{"rendered":"https:\/\/asociatiaoriginalevents.ro\/?page_id=67"},"modified":"2025-12-08T13:14:55","modified_gmt":"2025-12-08T13:14:55","slug":"istoric","status":"publish","type":"page","link":"https:\/\/asociatiaoriginalevents.ro\/?page_id=67","title":{"rendered":"Istoric"},"content":{"rendered":"\n<p>Asocia\u021bia Original Events s-a n\u0103scut din dorin\u021ba de adresa originalitatea atunci c\u00e2nd ea exist\u0103 \u0219i are nevoie de sus\u021binere pentru a ajunge \u00een prim planul societ\u0103\u021bii \u0219i de a readuce \u00een comunit\u0103\u021bi arta ca mijloc de comunicare, vindecare \u0219i dezvoltare. Fondatorii, cu experien\u021b\u0103 \u00een teatru, educa\u021bie \u0219i lucru comunitar, au descoperit c\u0103 multe comunit\u0103\u021bi nu au nevoie doar de spectacole, ci de <em>procese<\/em> \u2014 de cadre \u00een care oamenii pot vorbi, lucra \u0219i crea \u00eempreun\u0103.<\/p>\n\n\n\n<h2 class=\"wp-block-heading\"><strong>Momente importante<\/strong><\/h2>\n\n\n\n<ul class=\"wp-block-list\">\n<li><strong><em>2012<\/em> \u2013 constituirea Asocia\u021biei Original Events; partener \u00een proiectul \u201ePas cu pas prin Ardeal\u201d, implementat de Friesland Food C\u00e2mpina<\/strong><\/li>\n\n\n\n<li><strong><em>2013 \u2013<\/em> prezent \u2013 experien\u021b\u0103 extins\u0103 \u00een proiecte culturale \u0219i educa\u021bionale \u00een Jude\u021bul Timi\u0219<\/strong><\/li>\n\n\n\n<li><strong><em>2024<\/em> \u2013 documentare pe clisura Dun\u0103rii pentru Strada Film Productions<\/strong><\/li>\n\n\n\n<li><strong><em>2025<\/em> \u2013 \u00eenceputul primelor proiecte majore \u00een mediul rural<\/strong><\/li>\n\n\n\n<li><strong><em>2026\u20132028<\/em> \u2013 implementarea \u201eSatul care (se) ascult\u0103\u201d, proiect emblematic de regenerare cultural\u0103<\/strong><\/li>\n<\/ul>\n\n\n\n<h2 class=\"wp-block-heading\"><strong>Direc\u021biile actuale<\/strong><\/h2>\n\n\n\n<p>Continu\u0103m s\u0103 extindem proiecte \u00een comunit\u0103\u021bi rurale, dezvolt\u0103m instrumente pedagogice, form\u0103m facilitatori \u0219i construim parteneriate cu \u0219coli, ONG-uri \u0219i institu\u021bii culturale.<\/p>\n\n\n\n<p><\/p>\n","protected":false},"excerpt":{"rendered":"<p>Asocia\u021bia Original Events s-a n\u0103scut din dorin\u021ba de adresa originalitatea atunci c\u00e2nd ea exist\u0103 \u0219i are nevoie de sus\u021binere pentru a ajunge \u00een prim planul societ\u0103\u021bii \u0219i de a readuce \u00een comunit\u0103\u021bi arta ca mijloc de comunicare, vindecare \u0219i dezvoltare. Fondatorii, cu experien\u021b\u0103 \u00een teatru, educa\u021bie \u0219i lucru comunitar, au descoperit c\u0103 multe comunit\u0103\u021bi nu [&hellip;]<\/p>\n","protected":false},"author":1,"featured_media":0,"parent":0,"menu_order":0,"comment_status":"closed","ping_status":"closed","template":"","meta":{"footnotes":""},"class_list":["post-67","page","type-page","status-publish","hentry"],"_links":{"self":[{"href":"https:\/\/asociatiaoriginalevents.ro\/index.php?rest_route=\/wp\/v2\/pages\/67","targetHints":{"allow":["GET"]}}],"collection":[{"href":"https:\/\/asociatiaoriginalevents.ro\/index.php?rest_route=\/wp\/v2\/pages"}],"about":[{"href":"https:\/\/asociatiaoriginalevents.ro\/index.php?rest_route=\/wp\/v2\/types\/page"}],"author":[{"embeddable":true,"href":"https:\/\/asociatiaoriginalevents.ro\/index.php?rest_route=\/wp\/v2\/users\/1"}],"replies":[{"embeddable":true,"href":"https:\/\/asociatiaoriginalevents.ro\/index.php?rest_route=%2Fwp%2Fv2%2Fcomments&post=67"}],"version-history":[{"count":6,"href":"https:\/\/asociatiaoriginalevents.ro\/index.php?rest_route=\/wp\/v2\/pages\/67\/revisions"}],"predecessor-version":[{"id":141,"href":"https:\/\/asociatiaoriginalevents.ro\/index.php?rest_route=\/wp\/v2\/pages\/67\/revisions\/141"}],"wp:attachment":[{"href":"https:\/\/asociatiaoriginalevents.ro\/index.php?rest_route=%2Fwp%2Fv2%2Fmedia&parent=67"}],"curies":[{"name":"wp","href":"https:\/\/api.w.org\/{rel}","templated":true}]}}